et c = a - s. List the prime factors of c.
41
Let a be 1 - (5 + 1)*1/(-1). Let k(p) = 12*p - 80. Let g be k(a). List the prime factors of (-2 - (-20)/8)*562 + g.
3, 5, 19
Suppose 4*r + 2663 = r + 4*m, 0 = 4*r + 4*m + 3532. Let x be 4/6*r/10. Let z = 136 + x. List the prime factors of z.
7, 11
List the prime factors of (-21656194)/(-1660) + (-1)/(-10).
2, 11, 593
Let g(c) = -c**3 - c. Let k be g(-1). Suppose -k*t - x - 172 = 0, -5*t - 431 = -x + 4*x. Let u = 46 - t. List the prime factors of u.
131
Suppose 5*a - 2*y - 1155 = 3340, -a + 892 = y. Let l = a + -584. What are the prime factors of l?
313
Let g(x) = 10*x - 20. Let f be g(7). Let y = -84 + f. Let n = y + 134. What are the prime factors of n?
2, 5
Let o = -57213 + 99367. List the prime factors of o.
2, 7, 3011
Let b = 10604 - 7551. What are the prime factors of b?
43, 71
Let k(o) = 1267*o + 5445. List the prime factors of k(18).
3, 43, 73
Let s be (5/(-75)*-5)/((-1)/(-135)). Let d = s - 38. Suppose -d*f = -9*f + 312. What are the prime factors of f?
2, 3, 13
Suppose 6*a = 7763 + 26550 - 5423. What are the prime factors of a?
3, 5, 107
Let n(r) = -14*r + 368. What are the prime factors of n(-62)?
2, 3, 103
Suppose 170*g - 179*g = -487*g + 32860588. What are the prime factors of g?
2, 37, 929
Let l(i) = 5826*i + 566. What are the prime factors of l(2)?
2, 41, 149
Let s(j) = -3*j - 12. Let h be s(-4). Let c be 8 + h - (15 - 11). List the prime factors of (89/c)/(12/48) - -2.
7, 13
Let n be 4*2*25/40. Let h(x) = 75*x - 14. List the prime factors of h(n).
19
Suppose -19*h = 11*h - 720. What are the prime factors of 4*(260 + 2)*h/48?
2, 131
Suppose -7*u - 424 = -3*u. Let g = u - 15. Let w = 218 + g. What are the prime factors of w?
97
Let h be ((-56)/12 - -3)*-3. Suppose -3*x = -y - 231, x - h*y - 98 = -21. What are the prime factors of x?
7, 11
Suppose 3 = v + r + 8, 2*r + 3 = 5*v. Let j(c) = -180*c + 6. What are the prime factors of j(v)?
2, 3, 31
Suppose 69*q = 65*q - 48. What are the prime factors of (-3)/6 + (-726)/q + 6?
2, 3, 11
Let c be (-14)/(-1) - 72/12. Let k(x) = x**3 + 5*x**2 - 59*x + 17. What are the prime factors of k(c)?
13, 29
Suppose -7*z + 17 = -11. Suppose -z*w = -8*w + w. Suppose w*p + 696 = 12*p. What are the prime factors of p?
2, 29
Let b be (((-15)/(-2))/(-5))/(8/(-1504)). Let u = -179 + b. What are the prime factors of u?
103
Suppose 3*d + 3*s - 9000 = 13293, -4*s = -2*d + 14850. What are the prime factors of d?
17, 19, 23
Let q = -323 + 54044. List the prime factors of q.
3, 47, 127
Let m(w) = -24*w**3 + 13*w**2 + 15*w - 23. List the prime factors of m(-6).
29, 191
Let d(f) = 2*f + 8*f**2 - 8 + 13*f - 9*f**2 - 1. Suppose 6*g + 24 = 9*g. What are the prime factors of d(g)?
47
Let q be 28/6 + 4/(-6). Let j(g) = 151*g**3 - 4*g - 159*g**3 - 2*g**2 + 10*g**3 + 10. What are the prime factors of j(q)?
2, 3, 5
Let l(k) = k**3 + 6*k**2 - 18*k - 11. Let c be l(-8). Suppose 4*h - 6 = -2, c*d - 2*h = 23. Suppose d*i + i - 642 = 0. List the prime factors of i.
107
Suppose 6*x = -4*g + 9*x + 109038, 54524 = 2*g - 4*x. List the prime factors of g.
2, 3, 7, 11, 59
What are the prime factors of (-684)/333 - -2 - (-36680535)/555?
29, 43, 53
Suppose z - 5*v + 35 = 0, 5*v = 4*z - 2*z + 50. Let n(w) = w**3 + 14*w**2 - 12*w + 31. Let u be n(z). What are the prime factors of (1/(2/u))/(2/(-24))?
2, 3, 7
Let f(v) = -69*v + 38. Let t = 118 - 124. What are the prime factors of f(t)?
2, 113
Let o(y) = 1 + 6*y + 3*y**3 - y**2 - 3*y**3 - 10*y**3 - 7*y. List the prime factors of o(-2).
79
Let z(l) = 404*l**2 + 69*l + 46. What are the prime factors of z(-6)?
2, 443
Suppose 16 = q + 3*q. Suppose 0 = -q*o + y + 1727, 2*y - 6*y + 1281 = 3*o. Suppose 0 = 3*d + 9, -7*u + 2*d + o = -2*u. List the prime factors of u.
5, 17
Suppose -h + 9040 = 4*g - 72, -2*g = 3*h - 27296. List the prime factors of h.
2, 3, 379
Let w(n) = -n - 16. Suppose -4*p - p = 3*h + 75, 0 = -4*h + 4*p - 68. Let q be w(h). Suppose 13*c = q*c + 405. List the prime factors of c.
3, 5
Let i(v) be the third derivative of 0*v + 3*v**2 - 2*v**3 - 1/4*v**4 - 3/20*v**5 + 1/120*v**6 + 0. List the prime factors of i(10).
2, 7
Let w(a) = 77*a + 311. Let i be w(-4). Suppose -i*n = 2*x - 912, -x + 485 = 4*n + 19. List the prime factors of x.
2, 3, 5
Let d be -36 - -120 - (0 - 4). Let k = 171 - 106. Let g = d + k. What are the prime factors of g?
3, 17
Let l be (-4)/38 - 678/57. Let f = l + 25. Suppose 0 = -9*m + f*m - 120. What are the prime factors of m?
2, 3, 5
Suppose -4*c - 2*x - 397 = -7*c, -531 = -4*c + 3*x. Let f(u) = -u**3 + 7*u**2 - 7*u + 6. Let z be f(6). List the prime factors of c - (2 + ((-2)/(-2) - z)).
2, 3, 7
Suppose -25*m + 310741 = 41466. What are the prime factors of m?
10771
Let y = 220 - -52. Suppose p = -3*g + y, 178 = 3*p - 4*g - 599. List the prime factors of p.
263
Suppose -2*m - 64 = -1388. Suppose g - 3*g = -4*a - m, -3*a + 356 = g. List the prime factors of g.
11, 31
Let d = 58 + -52. Suppose -2*q - w = -d*q - 401, 4*w = q + 104. List the prime factors of 1/(2*(-2)/q).
5
Let u = 36 - 36. Suppose -5*c = q - 10, 2*c + u - 4 = -q. What are the prime factors of (-4)/(-6)*((2 - -107) + c)?
2, 37
Let v(x) = 5873*x + 17. Let w be v(-3). List the prime factors of w/(-10) + (28/70)/(-2).
2, 5, 11
Let c be 90180/594 + 2/11. Suppose -c*v + 1868 = -148*v. List the prime factors of v.
467
Let l(x) = 20*x - 101. Suppose -2*r = -z + 3*r, 2*z = 3*r + 21. What are the prime factors of l(z)?
199
Let o = -546 + 838. Let d = -182 - 15. Let u = d + o. List the prime factors of u.
5, 19
Let w be (36/(-3))/((-6)/4). Suppose -6*s + w*s - 1458 = 3*m, -m = -4. What are the prime factors of s?
3, 5, 7
Let l(d) = -7*d + 2. Suppose 0 = -3*j - 5*u + 13, 5*j + 51 - 16 = 3*u. Let k be l(j). Suppose -42 = -4*t + k. List the prime factors of t.
2, 3
List the prime factors of (180352/6 - -1) + 68/204.
2, 3, 5, 167
Suppose -h - 4364 = -2*x, 5*x + 5*h - 10804 = 91. List the prime factors of x.
3, 727
Let n(f) = 30 - 19 - 8*f + 21 - f. Let h be n(-19). Let m = h + -109. What are the prime factors of m?
2, 47
Suppose r - 5*p = 9186, -40410 + 3534 = -4*r - 2*p. What are the prime factors of r?
2, 3
Let k be ((-12)/8)/(-2 - 58/(-32)). Suppose -36*q + 34*q + k = 0. Suppose -q*j - 4*t - t = -74, 5*t + 6 = j. What are the prime factors of j?
2
Suppose -q = 1, -5*x - 3*q + 15 = -2. Let h be 3/(6078/(-1524) + x). Let a = -124 + h. List the prime factors of a.
2, 5, 13
Let u be 9/2*(11/(-3) + 5). Suppose -15 = -3*y - u. Suppose -3*j + 3*t + 218 = 4*t, -4*j + 284 = y*t. What are the prime factors of j?
2, 37
Suppose 3*i = 380 + 14617. Suppose 0 = 13*z - i - 4309. What are the prime factors of z?
2, 179
Let x(t) = -t**3 + 6*t**2 - 2*t - 4. Let v be x(0). Let j(b) = -2*b**3 - b + 6. What are the prime factors of j(v)?
2, 3, 23
Let u(i) = -31*i**2 + 3*i + 3*i - 5*i**2. Let m be u(4). What are the prime factors of (0 + -1)*m/12?
2, 23
Suppose -8 = -3*j + 4, -2*o - 8 = -3*j. Let z = 6 - o. Suppose 0 = -z*n - 97 + 333. List the prime factors of n.
59
What are the prime factors of (-45 - -42)/((-4)/3960)?
2, 3, 5, 11
Let h = -168 + 171. Suppose -2*a - 15*z = -20*z - 306, 0 = -h*a - 4*z + 436. List the prime factors of a.
2, 37
Let y be (-4)/((-6)/3*1). Suppose 265 = v - y*m + 31, 4*v - m - 964 = 0. What are the prime factors of v?
2, 11
Let s = 22 + -67. What are the prime factors of (-2)/(-3) + (-13425)/s?
13, 23
Let g(r) = -r. Let n(d) = 9 + 2 + 32*d - 12*d. Let q(k) = 4*g(k) + n(k). What are the prime factors of q(4)?
3, 5
Let r(w) = -9*w**3 + w**2 + 18*w + 97. Let s be r(-7). Let a = -1623 + s. What are the prime factors of a?
2, 7, 53
Let j(u) = u + 1. Let y be j(1). Suppose -5*x + y*x + 3 = 0. What are the prime factors of (x/3 + -1)*-147?
2, 7
Let u = -10673 + 16426. What are the prime factors of u?
11, 523
Suppose -23*a + 25*a = 6. Suppose a*x + 9*d - 126 = 4*d, -x + 42 = d. What are the prime factors of (21/x)/((-2)/(-56)*1)?
2, 7
Let n(u) = -u**3 + u + 93. Let i be n(0). Let q = 96 - i. Suppose 0*o = -y - 4*o + 224, 0 = 5*y + q*o - 1052. List the prime factors of y.
2, 13
Suppose -7*o + 9*o = 5*j - 21, 0 = 3*j - o - 12. What are the prime factors of 2/j + (-376)/(-12) + 6?
2, 19
Let c be 1 + (-4)/(-6)*(-492)/(-8). What are the prime factors of c/12*(-8)/(-7